?
True
Is 1907207 composite?
True
Is 20150633 composite?
False
Is 4078363 a prime number?
True
Is 28816871 composite?
True
Is 193535219 a composite number?
False
Is 34583 a composite number?
False
Is 100154293 a composite number?
True
Is 30612811 a composite number?
False
Is 20496517 composite?
False
Is 3039623 a composite number?
False
Is 29084527 composite?
True
Is 162608343 a prime number?
False
Is 20493091 a prime number?
True
Is 78896717 a prime number?
True
Is 843721 a prime number?
False
Is 6314629 prime?
False
Is 189986789 a prime number?
False
Is 1212446 a composite number?
True
Is 9684413 prime?
True
Is 30356351 prime?
True
Is 1147763 composite?
True
Is 2648091 a composite number?
True
Is 7739033 a composite number?
False
Is 96325811 prime?
True
Is 9614753 a prime number?
True
Is 4728631 a prime number?
True
Is 2028053 composite?
False
Is 21394249 a prime number?
False
Is 25487789 prime?
True
Is 1329575201 composite?
False
Is 2435347 composite?
True
Is 33189179 composite?
False
Is 99715283 composite?
False
Is 149235269 prime?
False
Is 88282013 prime?
False
Is 329746379 prime?
False
Is 106168939 prime?
True
Is 6985883 prime?
True
Is 2206811 a prime number?
True
Is 7249657 a prime number?
True
Is 42449863 prime?
False
Is 57844433 a prime number?
False
Is 36256567 a prime number?
True
Is 75489019 composite?
False
Is 587037743 a composite number?
True
Is 407534497 a composite number?
True
Is 1069709 a prime number?
False
Is 1240887 composite?
True
Is 13675391 composite?
False
Is 179874551 a composite number?
False
Is 183403439 prime?
True
Is 3937463 prime?
False
Is 5035639 prime?
False
Is 10678597 prime?
True
Is 28733 prime?
False
Is 639649 a composite number?
True
Is 124314478 a prime number?
False
Is 48221353 a prime number?
True
Is 276755191 a prime number?
False
Is 1178339 prime?
False
Is 261823 prime?
True
Is 115608497 a composite number?
False
Is 18291929 prime?
True
Is 762591 a composite number?
True
Is 185429 a composite number?
False
Is 68461 prime?
False
Is 16915267 prime?
True
Is 2777993 a prime number?
True
Is 25022989 prime?
False
Is 3585031 a composite number?
True
Is 610331 composite?
False
Is 1241063 a composite number?
True
Is 660487 prime?
False
Is 4762441 prime?
True
Is 100034819 composite?
True
Is 691995301 prime?
True
Is 42119849 a prime number?
False
Is 1968641 prime?
True
Is 15023159 prime?
True
Is 78829937 a composite number?
True
Is 2674913 prime?
True
Is 8707861 composite?
False
Is 144404593 prime?
True
Is 133834069 a prime number?
False
Is 2007127 prime?
False
Is 4169651 a composite number?
False
Is 31713533 a prime number?
True
Is 68055755 a composite number?
True
Is 1198583 a composite number?
False
Is 210391 a prime number?
True
Is 10388251 composite?
True
Is 8553313 prime?
True
Is 1420651 a composite number?
False
Is 9008171 composite?
False
Is 59373533 prime?
True
Is 2525356939 prime?
False
Is 1545333 a prime number?
False
Is 229738589 composite?
True
Is 691991 a prime number?
True
Is 178361 prime?
True
Is 9788761 prime?
False
Is 2449751 a composite number?
True
Is 10823233 a composite number?
False
Is 271012811 composite?
False
Is 570881 composite?
False
Is 48567809 a prime number?
True
Is 2194613 a prime number?
True
Is 75882617 composite?
True
Is 306811 a composite number?
True
Is 3496099 a composite number?
False
Is 106514593 a prime number?
False
Is 21587171 composite?
False
Is 206963299 composite?
True
Is 36561277 prime?
True
Is 68172409 a prime number?
True
Is 36884777 a prime number?
True
Is 55179011 prime?
True
Is 7023529 prime?
True
Is 301229399 a composite number?
False
Is 210580519 composite?
False
Is 18865027 a prime number?
True
Is 172538713 composite?
False
Is 1939271 prime?
False
Is 57085323 a prime number?
False
Is 8158009 a composite number?
True
Is 3487807 a prime number?
True
Is 20800363 a prime number?
False
Is 13607791 a composite number?
True
Is 16913207 composite?
False
Is 269406257 prime?
False
Is 251017157 composite?
True
Is 1681787 prime?
True
Is 7836533 prime?
False
Is 130568441 prime?
True
Is 4944781 composite?
False
Is 600043 a prime number?
True
Is 7153817 composite?
True
Is 12855713 a composite number?
True
Is 13082107 composite?
False
Is 32398831 composite?
False
Is 207283 prime?
False
Is 240052549 composite?
True
Is 7525561 prime?
False
Is 135399617 composite?
False
Is 19542797 composite?
False
Is 2060841 a prime number?
False
Is 7552317 a prime number?
False
Is 42397409 a prime number?
True
Is 6544621 a composite number?
True
Is 1159694981 a prime number?
True
Is 41628523 a composite number?
False
Is 142465 prime?
False
Is 43230989 composite?
False
Is 650644673 composite?
True
Is 5704583 composite?
False
Is 3346873 prime?
False
Is 389109247 a prime number?
True
Is 4867601 prime?
False
Is 29131261 prime?
True
Is 45643123 a prime number?
False
Is 2777213 a prime number?
True
Is 6798595 a prime number?
False
Is 3931747 prime?
True
Is 4760683 composite?
True
Is 363541 a composite number?
False
Is 1077971 composite?
False
Is 47793191 composite?
True
Is 691741 prime?
False
Is 48357143 composite?
False
Is 32442457 a prime number?
True
Is 148902267 a composite number?
True
Is 699207 prime?
False
Is 11182219 prime?
True
Is 1388719 a composite number?
False
Is 286231 composite?
True
Is 649483 composite?
False
Is 9392603 composite?
True
Is 24521659 a composite number?
False
Is 7343527 a prime number?
True
Is 9098863 a prime number?
False
Is 141448039 a composite number?
True
Is 11540621 prime?
False
Is 488171 prime?
True
Is 3304189 a composite number?
True
Is 4468979 composite?
False
Is 19555267 prime?
False
Is 64963207 composite?
False
Is 261959 a prime number?
True
Is 107824987 a prime number?
False
Is 579497 composite?
False
Is 26659511 a prime number?
True
Is 41368583 a composite number?
False
Is 105425059 a prime number?
False
Is 37163311 a composite number?
True
Is 1602451 prime?
True
Is 9826441 prime?
False
Is 47341099 composite?
True
Is 21437407 prime?
True
Is 369646055 a composite number?
True
Is 546841 prime?
True
Is 980555 a composite number?
True
Is 6389017 a prime number?
True
Is 622397 composite?
False
Is 75736387 composite?
False
Is 25230071 a composite number?
False
Is 71215987 prime?
True
Is 6849014 a prime number?
False
Is 1706517487 a composite number?
False
Is 758089 prime?
False
Is 25146241 a prime number?
True
Is 15286097 prime?
False
Is 1304887 a composite number?
False
Is 190820165 a prime number?
False
Is 133494995 a composite number?
True
Is 116341663 composite?
False
Is 34813537 a prime number?
False
Is 19259599 prime?
True
Is 1637239 composite?
False
Is 1339477679 composite?
True
Is 2479789 a prime number?
False
Is 8717243 a prime number?
False
Is 14514029 prime?
True
Is 32384129 prime?
False
Is 165526051 a prime number?
True
Is 32517443 a composite number?
True
Is 17870147 composite?
False
Is 7763183 prime?
True
Is 32879053 composite?
False
Is 19401713 composite?
False
Is 751189 a composite number?
False
Is 84350417 a prime number?
False
Is 2547683 a composite number?
False
Is 317181769 prime?
False
Is 51407 a prime number?
True
Is 82498331 a prime number?
False
Is 15574963 a prime number?
True
Is 20995951 a composite number?
True
Is 166404583 composite?
False
Is 113158267 a prime number?
False
Is 2182109 a composite number?
False
Is 117547279 a composite number?
True
Is 2644637 composite?
False
Is 811581 prime?
False
Is 270571123 prime?
True
Is 83834111 a prime number?
True
Is 132697303 a composite number?
False
Is 265906714 a prime number?
False
Is 99353141 composite?
False
Is 4545862 a composite number?
True
Is 128538115 composite?
True
Is 431142991 a composite number?
False
Is 4595633 a prime number?
False
Is 124364231 prime?
False
Is 187249259 a composite number?
True
Is 10168439 composite?
True
Is 2891341 prime?
True
Is 165808711 prime?
True
Is 78036983 a composite number?
False
Is 1243337 a composite number?
False
Is 19026479 a composite number?
False
Is 42963467 composite?
False
Is 2699657 a prime number?
True
Is 1677443 a composite number?
False
Is 9320057 a prime number?
False
Is 3562897 a composite number?
True
Is 108079765 a prime number?
False
Is 13807817 prime?
True
Is 850200551 a prime number?
True
Is 130823267 a composite number?
Tru